Is 28856801 composite?
True
Is 13727258 prime?
False
Is 1082282 composite?
True
Is 4428803 a prime number?
False
Is 134681971 prime?
False
Is 10787837 prime?
True
Is 7255273 a composite number?
True
Is 593412185 a composite number?
True
Is 3323249 composite?
False
Is 785713 a prime number?
False
Is 129269879 prime?
True
Is 59447211 a composite number?
True
Is 1104157 prime?
True
Is 127983929 a composite number?
True
Is 91000009 prime?
True
Is 2935019 a composite number?
False
Is 434027665 prime?
False
Is 2081159 a composite number?
False
Is 1121447 a composite number?
False
Is 4767757 a composite number?
False
Is 32910641 composite?
True
Is 25461199 prime?
False
Is 10867513 prime?
True
Is 1901861 a composite number?
True
Is 57363703 prime?
True
Is 12205547 a composite number?
True
Is 214343849 prime?
False
Is 362077 prime?
False
Is 8521607 composite?
True
Is 127258597 prime?
True
Is 14151211 a composite number?
True
Is 13632053 composite?
True
Is 99072119 a composite number?
True
Is 254537 composite?
False
Is 13795477 a prime number?
True
Is 37062457 a prime number?
False
Is 170063657 a prime number?
True
Is 131184031 a composite number?
True
Is 304122391 composite?
True
Is 6542279 a prime number?
True
Is 2259919 a composite number?
False
Is 5279867 composite?
False
Is 689783 composite?
True
Is 59690369 a prime number?
True
Is 3279761 prime?
False
Is 8285249 prime?
False
Is 11922551 prime?
False
Is 3476821 a composite number?
False
Is 54063503 prime?
False
Is 1175371 a prime number?
True
Is 196000243 a composite number?
True
Is 1536667 composite?
True
Is 1799267 prime?
False
Is 1588253 a prime number?
True
Is 26939333 a composite number?
False
Is 126868993 a composite number?
False
Is 21507161 a prime number?
False
Is 113604979 composite?
False
Is 4448921 composite?
False
Is 490831 composite?
True
Is 68514049 a prime number?
True
Is 162601627 a prime number?
True
Is 562813 a composite number?
False
Is 20937629 composite?
True
Is 788633386 composite?
True
Is 3882937 a prime number?
True
Is 104222921 prime?
False
Is 7218221 composite?
False
Is 619088363 a prime number?
False
Is 214858363 prime?
True
Is 6051719 prime?
False
Is 14914607 a composite number?
False
Is 19675277 composite?
True
Is 1938535 composite?
True
Is 3854897 a composite number?
False
Is 134058251 a prime number?
True
Is 673116523 prime?
False
Is 4732837 prime?
True
Is 3874127 a prime number?
False
Is 202017 a composite number?
True
Is 395801 composite?
True
Is 12184477 composite?
False
Is 43779851 composite?
False
Is 320377 composite?
False
Is 152807591 composite?
False
Is 6728507 composite?
True
Is 2213737 a prime number?
False
Is 59594757 composite?
True
Is 3405803 composite?
False
Is 66637 prime?
False
Is 35903011 composite?
False
Is 11244469 composite?
True
Is 480034267 composite?
True
Is 125101 composite?
False
Is 1752497 a composite number?
False
Is 412585859 a prime number?
False
Is 40688821 a prime number?
True
Is 2100233 a composite number?
True
Is 26830019 prime?
True
Is 24615901 composite?
True
Is 6741313 composite?
False
Is 523110313 prime?
False
Is 131464301 a composite number?
False
Is 52030697 a prime number?
True
Is 61301461 composite?
True
Is 24499789 composite?
False
Is 50724271 a composite number?
True
Is 69647867 prime?
True
Is 6836407 composite?
False
Is 28163887 a composite number?
True
Is 17086813 prime?
False
Is 3271237 composite?
True
Is 246497 a composite number?
False
Is 147185315 composite?
True
Is 14057941 a composite number?
False
Is 12697177 prime?
False
Is 1550891 composite?
True
Is 3575279 a prime number?
False
Is 2936333 prime?
False
Is 27932161 prime?
True
Is 10336433 composite?
False
Is 187129337 a composite number?
True
Is 6390499 composite?
False
Is 2089847 prime?
True
Is 216139907 a prime number?
True
Is 9090319 a composite number?
True
Is 195938899 composite?
True
Is 9750931 prime?
False
Is 127743829 prime?
True
Is 22211999 composite?
True
Is 2080151 prime?
True
Is 338068429 composite?
False
Is 9405869 composite?
True
Is 2564999 a composite number?
False
Is 3404651 prime?
True
Is 168025786 composite?
True
Is 1130881 prime?
False
Is 752194 composite?
True
Is 9051539 a composite number?
True
Is 308695949 composite?
True
Is 115437269 a composite number?
False
Is 233131 a composite number?
True
Is 6670263 a composite number?
True
Is 770299 prime?
False
Is 49990559 a composite number?
False
Is 92285371 composite?
False
Is 33428149 a composite number?
True
Is 17359103 a prime number?
False
Is 63277 a composite number?
False
Is 48281405 composite?
True
Is 37924543 prime?
True
Is 31647259 a prime number?
False
Is 33433357 a composite number?
False
Is 4256213 a prime number?
False
Is 167982223 a prime number?
True
Is 5035307 composite?
False
Is 778301 prime?
True
Is 2431097 a prime number?
True
Is 209543839 composite?
True
Is 48803 composite?
True
Is 644849 a prime number?
False
Is 16711489 composite?
False
Is 4893481 prime?
False
Is 50292127 a composite number?
True
Is 3870283 prime?
True
Is 543361891 a composite number?
False
Is 92178263 a prime number?
False
Is 108332935 composite?
True
Is 134473613 composite?
True
Is 121978723 prime?
False
Is 147420299 a prime number?
False
Is 11249321 a composite number?
False
Is 8920851 a prime number?
False
Is 18831 composite?
True
Is 212011 prime?
False
Is 17430295 prime?
False
Is 19983361 a composite number?
False
Is 17975173 composite?
False
Is 1906651 composite?
True
Is 8379829 composite?
True
Is 50777029 composite?
False
Is 4243647 a prime number?
False
Is 7554211 a prime number?
False
Is 43534853 composite?
True
Is 3740821 prime?
False
Is 844001 prime?
True
Is 839850941 composite?
False
Is 42213817 a prime number?
False
Is 619192399 a composite number?
True
Is 22024103 prime?
False
Is 4215259 composite?
False
Is 4292009 a prime number?
True
Is 1084771 prime?
True
Is 69272429 a composite number?
False
Is 10202807 a composite number?
True
Is 55092173 composite?
False
Is 106531793 a prime number?
True
Is 9507727 prime?
True
Is 13075487 a prime number?
True
Is 5970981 a composite number?
True
Is 125442578 a composite number?
True
Is 6669293 prime?
True
Is 7307341 a composite number?
True
Is 57185677 a prime number?
True
Is 6524587 a prime number?
False
Is 1211209 composite?
True
Is 5454217 prime?
True
Is 11511061 a prime number?
True
Is 114763057 a prime number?
True
Is 4763359 composite?
False
Is 17766149 a composite number?
False
Is 2094965 a composite number?
True
Is 204355511 composite?
True
Is 42441037 a composite number?
False
Is 156031343 a prime number?
False
Is 6904823 a composite number?
True
Is 4978681 a prime number?
True
Is 975323 a prime number?
True
Is 1213183 a composite number?
False
Is 3575357 a prime number?
True
Is 426445729 a composite number?
True
Is 58407277 a prime number?
False
Is 4472791 a prime number?
False
Is 107939849 prime?
True
Is 5914739 a composite number?
False
Is 88493 composite?
False
Is 153619 a composite number?
True
Is 6071231 prime?
True
Is 661805 a composite number?
True
Is 164965621 composite?
False
Is 7830157 composite?
False
Is 56273239 a prime number?
False
Is 4603199 prime?
False
Is 166589 a prime number?
False
Is 53201647 a prime number?
True
Is 91453321 a composite number?
False
Is 1680743 a prime number?
True
Is 19967467 prime?
False
Is 116632969 a prime number?
True
Is 6035233 a composite number?
True
Is 13305299 prime?
False
Is 20003383 prime?
True
Is 2942561 prime?
True
Is 44967077 a prime number?
False
Is 13994011 composite?
False
Is 74398399 composite?
True
Is 5799971 composite?
True
Is 3502273 prime?
True
Is 13753501 a prime number?
False
Is 11961101 a composite number?
True
Is 1371143 prime?
False
Is 8499839 prime?
True
Is 252707569 composite?
False
Is 9146479 a composite number?
True
Is 37072357 a prime number?
False
Is 133966867 prime?
True
Is 542167 prime?
True
Is 136540321 a prime number?
False
Is 25914649 prime?
False
Is 12985057 prime?
True
Is 154727191 a prime number?
True
Is 32869119 a prime number?
False
Is 7377313 a prime number?
False
Is 445603 composite?
True
Is 413327735 prime?
False
Is 10807855 a prime number?
False
Is 30579983 a prime number?
False
Is 4370983 composite?
True
Is 9127731 a composite number?
True
Is 18448271 a prime 